umber?
True
Suppose 0*k = 8*k - 11784. Let c = 936 - k. Let p = -32 - c. Is p prime?
False
Let c(j) = 13*j - 116. Let q be c(9). Is 2608 + 6 - (4 + q) composite?
False
Let y(k) = 19*k + 33. Let a be (830/(-25))/2 - (-3)/5. Let p(u) = -3*u - 34. Let l be p(a). Is y(l) a composite number?
True
Suppose -13*z - 4*b = -14*z + 75869, 303500 = 4*z - 4*b. Is z prime?
False
Suppose 0 = 5*a + 20 - 5. Let u be (-6)/(a - (2 - 2)). Suppose -u*o = -o - 79. Is o composite?
False
Let h(s) = -109*s - 26. Suppose 2*p + 2*p - 28 = 0. Suppose 51 = -p*r - 12. Is h(r) a prime number?
False
Let r(v) = -122*v**3 + 2*v**2 - 4. Let l be r(-3). Suppose j + 2*a = -0*a + 833, 4*a = 4*j - l. Is j a composite number?
False
Suppose -2*j = -x + 33, -4*x + 3*j = -2*x - 66. Suppose -27536 = x*f - 41*f. Is f composite?
True
Suppose 103*a - 210590 = 93*a. Is a a composite number?
False
Suppose 3*s - 6*s + 15 = 0. Suppose 2*i = x + 4*x - 14589, 36455 = -5*i - s*x. Is ((i/8)/1)/((-1)/2) a prime number?
True
Let n be (4 - 2) + -4 + 491. Let o(d) = 28*d**2 - 110*d + 10. Let q be o(3). Let g = n - q. Is g prime?
True
Suppose 4*y = 2*y - 2. Let n be ((-3)/10*-2)/(y/(-5)). Suppose n*f + 6*f = 3069. Is f a prime number?
False
Let o be ((-354300)/375)/((-4)/(-5) - 1). Let x = o - 2419. Is x composite?
True
Suppose 7*k = -298151 + 3738560. Suppose -k = -25*u - 26*u. Is u composite?
True
Let f(o) = -51901*o + 1481. Is f(-6) prime?
True
Let r = -107669 + 188016. Is r a composite number?
False
Let v(n) = -58*n**2 - 11*n - 15. Let z be v(-6). Let w = -1223 - z. Suppose 2*t - 1411 = -4*r + 227, -4*t - w = -2*r. Is r composite?
False
Suppose 0 = -14*m + 13*m + 238. Let q(y) = 73*y + 124 - m*y - 122. Is q(-4) a composite number?
True
Let c = -109695 - -594808. Is c a composite number?
False
Let d(q) be the second derivative of -q**4/4 - q**3/2 - q**2/2 + 28*q. Let b be d(-1). Is 35178/52 + b + (-6)/(-4) composite?
False
Let h = 198 + -225. Let s(n) = -n**3 - 2*n**2 + 6*n + 24. Is s(h) composite?
True
Let c = 2064 + -1188. Suppose -2*y - 11441 = -b - c, 3*y = 3*b - 31680. Is b a composite number?
True
Suppose -3*b = -l + 11, -b + 5 = -2*l + 6*l. Let a = -8 + 11. Is a + (b - (1 + -372)) composite?
True
Let h(l) = -l**3 - 19*l**2 - 20*l - 34. Let c be h(-18). Suppose 0 = 5*d - 2*z - z - 9883, -c*d = -5*z - 3938. Is d composite?
False
Let f = 435508 - 265229. Is f a composite number?
False
Is (-3624350)/(-6) - (-36)/(-27) prime?
True
Let d(k) = 27747*k - 338. Is d(3) prime?
True
Suppose -9705 = 2*j - 3*w, 14555 = -3*j - 10*w + 12*w. Let l = -2194 - j. Is l composite?
False
Let x be (-2)/(-10) - 606/30. Let i be 16/x*5/(-2). Is 166/((-2 + 5)*i/3) a composite number?
False
Let z be (-13 - -14) + 1*-2. Is z*(-3065 + -5)*3/6 composite?
True
Suppose -2*s + 376384 = -9*y + 7*y, -5 = 5*y. Is s a prime number?
False
Suppose m - 24 = 2*j, -2*m - 5*j = -5 - 25. Suppose 3*y + m = 4*l, -4*y + 20 = -2*y + 4*l. Suppose 2*h - 2*u - 8316 = 0, y*h + h - 4143 = -2*u. Is h composite?
False
Let q(j) = 2*j + 289*j**2 - 275*j**2 + 3 + 10 + 7*j - j**3. Is q(7) prime?
True
Let n(w) = -2*w**2 - 19*w + 2. Let y be n(-10). Is 29787*(y - -7)/(-1 + 0) a composite number?
True
Is (75 + -80)*3727/(-20)*124*1 a composite number?
True
Suppose 25693 = -18*l - 40853. Let b = l + 7874. Is b a prime number?
True
Suppose 19*g + 1228478 - 3172123 = -36*g. Is g a composite number?
False
Let u(z) = -z**3 - 2*z**2 + 48*z + 6. Let o be u(-8). Suppose -3*r = 2*d - 19388, 4*d = -5*r + o*r + 38762. Is d a prime number?
False
Let r(v) be the second derivative of v**5/10 - v**4/4 - 11*v**3/6 + 11*v**2/2 + 4*v + 3. Suppose -14 = -x - 4*w, -4*w = -5*x + 14 + 8. Is r(x) a prime number?
True
Let w(j) = 60*j**2 + 17*j + 6. Let d be (-1 + 16/(-6))/(30/90). Is w(d) composite?
False
Let x be 1/((7/(-3))/(-7)). Suppose -4 = o - x*o. Suppose -3*r + 148 = -2*r + u, 0 = o*r + u - 291. Is r a prime number?
False
Let t(w) = -18875*w + 994. Is t(-5) a composite number?
False
Suppose 2*g - 66972 = 189566. Suppose 42*i - g = -i. Is i a prime number?
False
Let j(r) = -r**3 + 17*r**2 + 4*r - 19. Let k = 371 - 366. Is j(k) a composite number?
True
Let x = 10858 + -3447. Is x a composite number?
False
Let l = 3855 - 3458. Is l prime?
True
Suppose -u + 2092788 = 4*m + 436979, 0 = -2*m + u + 827897. Is m prime?
True
Suppose 2 + 4 = -2*c - 3*v, -4*c - 12 = 5*v. Let w = -7 - -13. Is c/(-2)*(-2)/w*-76 a composite number?
True
Suppose 104*x - 33*x - 7719262 = 0. Is x a composite number?
True
Let q = -154 - -157. Suppose 0 = 3*t - 18 + q, 19046 = 2*m - 4*t. Is m composite?
False
Let u(i) = -8*i**2 + 328*i - 22. Let h be u(41). Suppose 0 = 2*s + 114 - 406. Is 26 + h + s/2 a prime number?
False
Let a = -218 - -220. Suppose 5*b + a*o - 35054 = -10989, -3*b + 14439 = 3*o. Is b prime?
True
Let y be (42/(-15))/(4/(-20)). Suppose 19*i - y*i = 35. Suppose 0 = -i*h + 129 + 242. Is h a composite number?
False
Suppose 47*a = 55*a - 10096. Is a*(-156)/(-88) - 20/110 composite?
False
Let m = -5548 + 3041. Let z = 4438 + m. Is z a composite number?
False
Let j = -71 + 74. Suppose -5*r + 0*r + j*r = 0. Suppose -s + 153 - 32 = r. Is s composite?
True
Suppose 76*l + 67*l = 13003133. Is l composite?
False
Let d(m) = 3*m**2 + 16*m - 31. Let w be d(-7). Suppose -38288 = -w*k + 47580. Is k composite?
False
Is (-1240604)/(-44) - ((-738)/99 - -8) composite?
True
Suppose 423724 + 609544 = n + 3*f, -f + 5166270 = 5*n. Is n prime?
False
Let o be (1/2)/(55527/27762 + -2). Let c = o - 2508. Is c a composite number?
True
Let k(g) = -18*g**3 + 14*g**2 - 2*g + 7. Suppose 45 = -24*f - 99. Is k(f) a composite number?
True
Suppose 155*f - 3106411 = 78*f. Is f a prime number?
True
Suppose 0*q - 3*q + 3 = -3*c, 2*q = 3*c. Suppose 0 = v - 0*v - q*i - 384, 0 = i - 3. Is v composite?
True
Let p(f) = f**2 - 25*f - 46. Let j be p(27). Suppose j*w = -5*w + 217477. Is w prime?
True
Let b(c) = -173*c**3 - c**2 + 6*c + 19. Let u be b(-7). Suppose -4*w - u = -5*n, n - 5*w + 23687 = 3*n. Is n a composite number?
True
Suppose 191257665 = 550*f + 67950415. Is f composite?
True
Let u(t) = 6443*t**3 - 6*t**2 + 9*t - 19. Is u(4) a prime number?
True
Let o(u) = u - 48. Let d be o(50). Suppose -p = -1, c = d*p + 21006 - 7725. Is c prime?
False
Let m(b) = -123*b - 902. Is m(-9) a composite number?
True
Suppose -411*a + 379107 = -402*a. Let u = a + -21646. Is u prime?
True
Let k(x) = 2*x**2 - 39*x - 18. Let j be k(20). Suppose -623 = -b + 4*s, 3*b - 1869 = 4*s - j*s. Is b composite?
True
Suppose -2*g = 3*b - 139, -4*b - g + 172 = -5*g. Let v be (-4 - (-190)/b) + (-16214)/(-18). Suppose 3*z - 1472 - v = 0. Is z composite?
True
Let m(a) = 5*a - 34. Let s be m(6). Let o be 2/s + 3050/4 - 0. Suppose 7615 - o = 7*v. Is v a prime number?
False
Let d(v) = -568*v**3 + 2*v**2 + 5*v + 4. Let i be d(-1). Suppose -14 = 3*r - i. Suppose -18*w + r = -13*w. Is w composite?
False
Suppose 4*r - 35 + 23 = 0. Suppose 3*o = -r*o + 2928. Suppose -p - o = -9745. Is p a prime number?
True
Suppose -43 = 4*n - 411. Suppose 90*w - n*w = -1778. Is w a prime number?
False
Suppose a - 2*y - 6075 = -4*a, a - 1237 = -4*y. Suppose -3*u = -2*j - 2449, -3*u + a = -j + u. Let p = 44 - j. Is p composite?
True
Suppose 14*m - 9 = 61. Let j(p) = -p**2 + 5*p - 2. Let w be j(4). Suppose 4*f + m*b = 1278, -b = -w*f + 358 + 274. Is f prime?
True
Suppose -12*b + 8*b + 121056 = 0. Suppose -b = -4*d - 3*c, 2*d + 4*c - 15130 = 3*c. Is d composite?
True
Let f(x) = x**3 - 26*x**2 + 132*x - 214. Is f(55) composite?
False
Let v(y) = -680*y - 721. Is v(-13) a composite number?
True
Suppose 10 = -2*s - l - 2*l, 3*s - 2 = 4*l. Let v be 2/(-4) - (8449/s)/7. Suppose -7*b = 2*b - v. Is b composite?
False
Suppose k + 4*g - 19 = 3*g, g + 45 = 3*k. Suppose -k*n + 18 = -13*n. Is (21 - n) + 1 + -3 a prime number?
True
Let g = -70 - -78. Suppose s = 5*p - 0*p - 11, 4*p - s - g = 0. Suppose 10429 = 4*z + 3*k, -4*z + p*k = 3215 - 13674. Is z composite?
True
Suppose 0 = -39*a + 35*a - 20, -3*a = 2*b - 23. Suppose b*n - 23441 = 13590. Is n prime?
True
Let s(n) = n**3 + 65*n**2 - 60*n - 51. Is s(-25) a composite number?
False
Let s = -39780 + 114489. Suppose 49*z - s = 40*z. Is z a prime number?
False
Let m(d) = 65*d - 3134. Is m(71) prime?
True
Let d(q) = 23*q**2 + 2*q - 10. Let p be d(-10)